0.
186
What is the remainder when 62757 is divided by 15577?
449
What is the remainder when 2087602 is divided by 83504?
2
Calculate the remainder when 79362 is divided by 121.
107
What is the remainder when 125181634 is divided by 9?
4
What is the remainder when 26113726 is divided by 3?
1
Calculate the remainder when 91003 is divided by 2775.
2203
What is the remainder when 2995955 is divided by 599189?
10
Calculate the remainder when 10214261 is divided by 217324.
33
Calculate the remainder when 33993483 is divided by 1180.
43
What is the remainder when 1573655 is divided by 175?
55
Calculate the remainder when 3501193 is divided by 12549.
22
Calculate the remainder when 1135390 is divided by 115.
110
What is the remainder when 41087 is divided by 8217?
2
What is the remainder when 120977 is divided by 3147?
1391
Calculate the remainder when 44200 is divided by 1083.
880
What is the remainder when 542022 is divided by 11783?
4
Calculate the remainder when 145268 is divided by 258.
14
What is the remainder when 285883784 is divided by 1718?
1712
Calculate the remainder when 112022 is divided by 34618.
8168
Calculate the remainder when 4147459 is divided by 15136.
195
Calculate the remainder when 13285511 is divided by 108.
107
Calculate the remainder when 1600551 is divided by 180.
171
What is the remainder when 21596705 is divided by 2473?
2469
Calculate the remainder when 507921 is divided by 169206.
303
What is the remainder when 13013 is divided by 4223?
344
What is the remainder when 3088719 is divided by 617743?
4
Calculate the remainder when 1020849 is divided by 124.
81
What is the remainder when 1441244 is divided by 7171?
7044
What is the remainder when 325868 is divided by 29?
24
Calculate the remainder when 228094 is divided by 2349.
241
Calculate the remainder when 43940 is divided by 39109.
4831
What is the remainder when 1074063 is divided by 407?
397
Calculate the remainder when 759381 is divided by 34517.
7
What is the remainder when 410056 is divided by 205027?
2
What is the remainder when 1240346 is divided by 7878?
3500
Calculate the remainder when 26245890 is divided by 13122945.
0
Calculate the remainder when 407703 is divided by 39.
36
What is the remainder when 97313550 is divided by 518?
516
Calculate the remainder when 8461766 is divided by 360.
326
What is the remainder when 11291899 is divided by 100820?
59
Calculate the remainder when 363873 is divided by 548.
1
Calculate the remainder when 29644 is divided by 4194.
286
What is the remainder when 55958780 is divided by 2971?
2966
What is the remainder when 4344452 is divided by 54?
44
Calculate the remainder when 12808641 is divided by 3202158.
9
Calculate the remainder when 11456 is divided by 7473.
3983
What is the remainder when 216799934 is divided by 1331?
1330
Calculate the remainder when 963655 is divided by 153.
61
What is the remainder when 2975190 is divided by 897?
738
Calculate the remainder when 25625 is divided by 12489.
647
Calculate the remainder when 22905451 is divided by 566.
563
What is the remainder when 9411 is divided by 1151?
203
What is the remainder when 241541 is divided by 6231?
4763
What is the remainder when 59272 is divided by 29371?
530
What is the remainder when 3246787 is divided by 136?
59
Calculate the remainder when 960120 is divided by 2645.
2630
Calculate the remainder when 159300 is divided by 31837.
115
What is the remainder when 21019398 is divided by 5?
3
Calculate the remainder when 416768 is divided by 2193.
98
What is the remainder when 261492 is divided by 84345?
8457
Calculate the remainder when 5976161 is divided by 186.
167
What is the remainder when 36686782 is divided by 179?
16
Calculate the remainder when 36710514 is divided by 694.
690
Calculate the remainder when 24367467 is divided by 5.
2
Calculate the remainder when 22362 is divided by 349.
26
What is the remainder when 67308 is divided by 526?
506
What is the remainder when 63412 is divided by 238?
104
Calculate the remainder when 1722048 is divided by 7084.
636
What is the remainder when 4705202 is divided by 1469?
1464
Calculate the remainder when 6100363 is divided by 69.
4
What is the remainder when 1286451068 is divided by 36?
32
What is the remainder when 115641 is divided by 19263?
63
Calculate the remainder when 254964 is divided by 1158.
204
What is the remainder when 9041424 is divided by 379?
0
Calculate the remainder when 29043 is divided by 370.
183
Calculate the remainder when 20113 is divided by 4017.
28
What is the remainder when 1024209 is divided by 22760?
9
Calculate the remainder when 10510749 is divided by 166837.
18
What is the remainder when 842790 is divided by 688?
678
Calculate the remainder when 771059 is divided by 42834.
47
What is the remainder when 2304761 is divided by 137?
10
What is the remainder when 241607 is divided by 218?
63
Calculate the remainder when 346077 is divided by 391.
42
Calculate the remainder when 12704256 is divided by 42.
12
Calculate the remainder when 14173603 is divided by 1771699.
11
Calculate the remainder when 104531433 is divided by 18.
15
Calculate the remainder when 2698402 is divided by 4734.
22
What is the remainder when 520878083 is divided by 228?
227
Calculate the remainder when 620443 is divided by 2820.
43
What is the remainder when 210112 is divided by 219?
91
What is the remainder when 144055 is divided by 11049?
418
Calculate the remainder when 14171979 is divided by 166.
61
What is the remainder when 9474205 is divided by 270691?
20
Calculate the remainder when 35113 is divided by 31793.
3320
What is the remainder when 440448448 is divided by 1950?
1948
Calculate the remainder when 19261980 is divided by 1205.
55
Calculate the remainder when 1067067 is divided by 2366.
1
What is the remainder when 123295038 is divided by 27813?
9
What is the remainder when 595694 is divided by 2878?
2826
What is the remainder when 639844 is divided by 117?
88
What is the remainder when 29926 is divided by 572?
182
What is the remainder when 83185 is divided by 13474?
2341
Calculate the remainder when 33613822 is divided by 43825.
47
What is the remainder when 119799 is divided by 58844?
2111
What is the remainder when 1363782 is divided by 289?
280
What is the remainder when 22813074 is divided by 5774?
0
What is the remainder when 771720 is divided by 884?
872
Calculate the remainder when 13218063 is divided by 2539.
29
Calculate the remainder when 18119998 is divided by 1500.
1498
Calculate the remainder when 1078487347 is divided by 50.
47
Calculate the remainder when 14052953 is divided by 1440.
1433
What is the remainder when 69388 is divided by 435?
223
Calculate the remainder when 68570274 is divided by 266.
262
Calculate the remainder when 1185371 is divided by 18.
17
What is the remainder when 23680151 is divided by 591?
554
What is the remainder when 2440847 is divided by 109?
10
What is the remainder when 789154 is divided by 394564?
26
What is the remainder when 410308 is divided by 9523?
819
What is the remainder when 63003 is divided by 62565?
438
What is the remainder when 69452 is divided by 13878?
62
What is the remainder when 1052163 is divided by 23264?
5283
What is the remainder when 60231055 is divided by 90?
85
Calculate the remainder when 14133043 is divided by 328675.
18
Calculate the remainder when 1123238 is divided by 148.
66
Calculate the remainder when 142953 is divided by 2851.
403
What is the remainder when 1982919 is divided by 4228?
4215
What is the remainder when 14902493 is divided by 15114?
89
Calculate the remainder when 265677 is divided by 2028.
9
Calculate the remainder when 13483588 is divided by 518.
48
Calculate the remainder when 1510288 is divided by 503393.
109
What is the remainder when 15620878 is divided by 30?
28
Calculate the remainder when 181102 is divided by 362.
102
What is the remainder when 1388720 is divided by 3890?
3880
What is the remainder when 201687 is divided by 6944?
311
What is the remainder when 5317292 is divided by 886211?
26
Calculate the remainder when 13074623 is divided by 5775.
23
Calculate the remainder when 164744238 is divided by 54914741.
15
Calculate the remainder when 251454 is divided by 984.
534
What is the rema